-8*f - 2574. Calculate the greatest common divisor of 39 and f.
39
Suppose -3*x = -0*x - 12. Suppose -6*v + v = -180. Calculate the highest common factor of x and v.
4
Let w = -261 - -551. Suppose 5*v - w = -5*u, 0*v + 52 = v + 4*u. Suppose -n = -5*n + v. Calculate the greatest common factor of n and 60.
15
Let i(y) = -y**3 - 7*y**2 - 5*y + 6. Let f be i(-5). Let c = 39 + f. Calculate the greatest common divisor of c and 80.
20
Let w = 15 - 7. What is the highest common divisor of w and 4?
4
Let i(l) = l**3 + l**2 - 6. Let h be i(0). Let n(m) = -21*m - 7. Let b be n(h). Calculate the greatest common divisor of b and 17.
17
Let t be 2/(-4)*0*-1. Suppose t = -3*a + 17 + 64. Suppose 2*m = -5*z - 0*z + a, 4*m + 5*z = 49. What is the highest common factor of 11 and m?
11
Suppose -124 = -7*a - 12. Calculate the highest common factor of a and 16.
16
Let w = -78 - -139. Suppose w - 211 = -3*b. What is the greatest common factor of 20 and b?
10
Let w(o) = -o + 3. Let t be w(-5). Suppose -2*c + 4 = -6. Suppose i - 73 = 3*u, -c*u + 377 = 2*i + 2*i. Calculate the highest common factor of t and i.
8
Let r = 24 - 6. Suppose -z + 6 = 1. Let d(t) = 2*t - 4. Let w be d(z). Calculate the greatest common divisor of r and w.
6
Let u(v) = -4*v - 27. Let c be u(-11). What is the greatest common divisor of 85 and c?
17
Suppose -4*g + 2*g = 4*d + 4, -4*g - 2*d + 10 = 0. Suppose -26 = -m - 4*h, -5*m + 3*h + 16 = 1. Calculate the highest common divisor of g and m.
2
Suppose -28*n - 224 = -35*n. Calculate the greatest common factor of n and 24.
8
Let b = 30 + -14. Let l be (b - -2) + -1 + 3. Suppose -3*p - 12 = 0, l = d + p - 5*p. What is the highest common factor of d and 16?
4
Suppose 3*y - 37 = -2*q + 29, 2*y - 165 = -5*q. Suppose 0 = -6*u + 5*u + 3. Calculate the highest common divisor of q and u.
3
Let n(g) = -3*g**2 - 2*g - g**3 + 2*g**3 + 0*g. Let a be n(4). What is the greatest common factor of a and 88?
8
Let f(m) be the third derivative of m**4/6 - m**3 - 3*m**2. Let x be f(4). Calculate the greatest common factor of x and 110.
10
Suppose c - 2 = -m + 4*c, -2*m + 4 = c. Let u(v) = -5*v**3 - 2*v - 1. Let x be u(2). Let n = -29 - x. Calculate the greatest common divisor of m and n.
2
Let h(l) = l**2 + 3*l - 6. Let d(b) = 2*b + 6. Let w be d(-8). Let m be h(w). What is the highest common divisor of 16 and m?
16
Let c = 24 + -18. Suppose 0 = 5*i - c*i + 8. Calculate the highest common divisor of 1 and i.
1
Let p = -6 - -10. Let l = 15 + p. Calculate the highest common divisor of 95 and l.
19
Let c = -10 + -3. Let t = 53 + c. What is the highest common factor of t and 16?
8
Let l = -39 + 37. Let u(h) = 2*h - 3. Let b be u(5). Let n = b - l. Calculate the highest common divisor of n and 63.
9
Let z(c) = c - 9. Let n be z(9). Suppose -p + 5*v = n, -p = 2*p + 5*v - 60. What is the highest common divisor of 6 and p?
3
Suppose 0*g - 5*l + 2 = -g, l = g - 2. Suppose -5*y - 5*i = -2*y - g, -5*y - 5*i + 5 = 0. What is the greatest common factor of 9 and y?
1
Suppose 0 = w - 4*s - 234, 3*w - 4*s - 581 = 137. What is the greatest common factor of w and 22?
22
Suppose -2*z = -0*z - 250. Suppose g - 3*j - z = 0, -3*j - 575 = -5*g + 2*j. What is the highest common factor of g and 10?
10
Let q(i) = 7*i**2 - 4*i - 7. Let m be q(-3). What is the highest common factor of 34 and m?
34
Let f be ((-1)/(-3))/((-5)/(-30)). Suppose f*m - m = 8. What is the highest common divisor of 20 and m?
4
Suppose g + a - 30 = 6*g, g - 4*a = -6. Let c be g/(-21) + (-976)/(-14). Let l be (-2)/4*(-27 - 1). Calculate the highest common divisor of l and c.
14
Let d(y) = y**2 + y - 3. Let p be d(-6). Suppose 0 = -2*s + 3*f - 4*f - 12, 0 = 2*f. Let c = 9 + s. Calculate the highest common factor of c and p.
3
Let k(n) = -n**3 - 6*n**2 - 7*n - 4. Let t be k(-8). Suppose -t = -7*g + 2*g. What is the highest common factor of 9 and g?
9
Let d = 23 - -67. What is the greatest common divisor of d and 18?
18
Let d be 0/2 + -2 - -10. Calculate the highest common divisor of d and 88.
8
Let t = 13 - 8. Suppose 0 = k + 2*k + 2*b - 406, 0 = -b + t. What is the highest common divisor of k and 12?
12
Let p = -25 + 17. Let h = p + 14. Let l = -17 + 47. Calculate the greatest common factor of l and h.
6
Suppose -5*t + 2*a + 2*a + 1 = 0, a - 1 = 0. Suppose 0 = 3*j + 5*f - 358, t = 2*f - 3. What is the highest common factor of j and 29?
29
Suppose 3*u - 11 = -w, -3*w = 3*u - w - 16. Suppose 7 = 3*o - u. Calculate the highest common divisor of o and 24.
3
Suppose 13 = h + 2*u, 5*h + u = 3*u + 17. Suppose h*c - 4*c + 49 = 5*p, -4*p - 5*c = -45. Suppose p = 4*v - 10. Calculate the greatest common factor of v and 5.
5
Let r be (2 + 19)/(18/12). What is the greatest common factor of 28 and r?
14
Let m(j) = j**2 - 3*j - 2. Suppose 5*h = -q + 2*q - 29, 0 = -q + h + 9. Let n be m(q). What is the highest common factor of n and 5?
1
Let m = 25 + -3. Calculate the greatest common divisor of 2 and m.
2
Let n(d) = d**3 + 20*d**2 + 16*d + 11. Let a be n(-19). Calculate the highest common factor of 34 and a.
34
Suppose 11*t - 10*t - 126 = 0. Let v(w) = 14*w**2 - w - 1. Suppose 0 = -i - 2 + 1. Let b be v(i). Calculate the highest common divisor of b and t.
14
Suppose a - 3*a + 168 = 0. Suppose 0 = 3*m - 0*m - a. Suppose 0*w - 2*w + i = -8, 4*w - 16 = -i. What is the greatest common divisor of m and w?
4
Let v be (-4)/(-6)*297/18. Let r = 16 - v. Calculate the greatest common factor of r and 1.
1
Let a = 8 - -2. Let c(f) = -f**2 + 13*f - 9. Let u be c(a). What is the greatest common factor of 3 and u?
3
Let b(h) = -4*h**3 + 5*h - 2 + h**2 - 4*h**3 - 3*h + 3. Let c be b(-1). Calculate the greatest common divisor of 32 and c.
8
Let t be (2/4)/(2/280). Suppose j = -2*i + 14, 5*j + 2*i = 4*i + t. Let a be (j/3)/(10/15). Calculate the greatest common divisor of a and 14.
7
Let w(x) = -x + 15. Let o(l) = 2*l**2 - 6. Let d be o(3). Let p be w(d). What is the highest common factor of 33 and p?
3
Suppose 65 = 4*b + 3*y, 5*b - 67 = -2*y + 3*y. What is the greatest common divisor of 154 and b?
14
Suppose 14 = -2*j + 336. What is the highest common divisor of 23 and j?
23
Suppose -h = -3*h. Suppose 16 = -l + 5*v, 0*l - 5*l - 2*v + 28 = h. Let u(z) = 2*z**3 + z**2 - 1. Let k be u(l). What is the highest common factor of k and 13?
13
Let f = 41 - 21. Calculate the greatest common factor of 50 and f.
10
Let p = -6 - -11. Let a be ((-477)/(-3))/(2/6). Let m be a/12 - (-1)/4. Calculate the greatest common factor of m and p.
5
Suppose -p - 358 = -4*z, -z = -6*z - 2*p + 454. What is the highest common divisor of 10 and z?
10
Let j(u) = u**3 + 4*u**2 - 7*u + 2. Let y be j(-5). Let o(r) = r + 1. Let k be o(2). What is the highest common factor of y and k?
3
Let n be (4 + 1)*(1 + 2 - -1). Let x(w) = 16*w**2 + w - 2. Let p be x(-2). What is the greatest common factor of n and p?
20
Suppose -2*b - 3*w + 78 = b, 0 = -5*w + 15. Let n = 209 + -2. What is the highest common factor of b and n?
23
Let q be ((-12)/10)/(22/(-165)). What is the greatest common factor of 9 and q?
9
Let q(d) = 113*d**2 - 2*d + 1. Let x be q(1). Calculate the greatest common factor of x and 28.
28
Let z(q) be the second derivative of q**4/6 - 3*q**3/2 + 4*q**2 - q. Let j be z(6). What is the highest common factor of j and 39?
13
Let o = 14 + 4. Let l = 28 - 7. Let f be 120/l + 2/7. What is the greatest common divisor of o and f?
6
Let t(r) be the first derivative of -5*r**4/4 + r**2 - 3*r + 2. Let a be t(-3). Suppose 0*d + a = 2*d. Calculate the highest common divisor of d and 9.
9
Let h be -5*6*(-4)/15. Calculate the greatest common divisor of 4 and h.
4
Let s = -43 - -81. What is the highest common factor of 95 and s?
19
Let c(i) = i**3 + 8*i**2 + 8*i - 4. Let g(p) = -p**2 + 2*p + 7. Let r be g(5). Let n be c(r). Let q = -11 - n. What is the greatest common factor of q and 19?
19
Suppose -9*i = 3*i - 12. What is the highest common factor of i and 6?
1
Suppose -5*r - 20 = -5. Let y be 2*1 - (0 + r). What is the highest common divisor of y and 25?
5
Let v(i) = -i**2 + 8*i - 5. Let a be v(5). Let m = -6 + a. Suppose 2*l = m*l - 32. What is the greatest common divisor of 4 and l?
4
Let n(k) = k**3 - 6*k**2 - 7*k + 5. Let g be n(4). Let p = g + 37. Let u be 4/p - (-794)/9. What is the greate